 v and 256.
32
Let h = -74 + 105. Let r = h - 30. Let y be (-23 - (r + -3))*(-3 - -2). What is the highest common divisor of 84 and y?
21
Let r(n) = 32*n**2 + 19*n - 69. Let o be r(12). What is the greatest common divisor of o and 21?
21
Suppose -20*j - 38*j + 26818 = -12*j. What is the greatest common divisor of j and 77?
11
Let m = -29 - -59. Suppose 3*y + 264 = 4*u, -324 = -5*u - 388*y + 391*y. Calculate the greatest common divisor of u and m.
30
Let h = 4801 + -4789. What is the highest common divisor of h and 1524?
12
Let t be 2*(-3 - 28/(-8))*-3. Let g be (t - 7)/(4/10). Let r = 120 + g. What is the highest common factor of r and 19?
19
Suppose 2*q + 142 = 4*q - 2*x, -3*x + 256 = 4*q. Let w be q + 1*0*(-4)/12. Calculate the highest common divisor of 469 and w.
67
Let b(w) = -3*w**3 - 3*w**2 + 1. Let j be b(-2). Calculate the highest common divisor of j and 3159.
13
Suppose -10*d = -4*d + 108. Let o = d - -21. Suppose o*c - 4*y + 7*y = -6, 0 = -y - 3. Calculate the greatest common factor of 8 and c.
1
Suppose 4*i + 0 - 29 = -3*l, 4*l = -5*i + 35. Suppose 2*x + i*x - 65 = 0. Calculate the greatest common divisor of 4 and x.
1
Let q(c) = 4*c + 23 + 14 - 15*c**2 - 2*c**3 + 4*c - 34*c**2. Let x be q(-25). Calculate the greatest common divisor of 42 and x.
42
Suppose n - 69 - 183 = 0. Let s = -149 - -135. Let y be s*-3*3/(27/6). What is the highest common divisor of y and n?
28
Suppose t + 2*u + 0 = 898, -28 = 4*u. Calculate the highest common divisor of t and 570.
114
Suppose 1991*z - 2003*z + 14592 = 0. Calculate the greatest common factor of z and 64.
64
Suppose -2*o + 3*v + 33 = -0*v, -5*v - 49 = -3*o. Suppose -o*q = -13*q - 90. Calculate the greatest common divisor of 63 and q.
9
Suppose 4*g = 4*j - 212, 3*j + g + 149 = 6*j. Let l = -134 - -204. Let p = -46 + l. What is the highest common divisor of p and j?
24
Suppose -5*v - 3*w + 1122 = 0, 3*v - 4*w - 1685 + 1006 = 0. Calculate the greatest common factor of v and 4650.
75
Suppose 3*i - 2*i + 0*i = 0. Suppose 1 - 29 = -w - 5*c, 3*c - 15 = i. What is the highest common factor of w and 141?
3
Let j = -9 - -66. Suppose 7*a - 433 = 3256. Let r = a + -508. Calculate the highest common factor of j and r.
19
Let k(v) be the second derivative of -v**5/20 - v**3/3 + 13*v**2 + 5*v. Let f be k(0). Suppose -15*i = -13*i - f. What is the highest common factor of 91 and i?
13
Let j = -1390 + 1391. Calculate the highest common factor of 88 and j.
1
Let c(m) = 7*m + 309. Suppose 62*g - 57*g = -220. Let u be c(g). What is the highest common factor of u and 23?
1
Suppose -4*w = -4*r + 1884, 6*r + w = 11*r - 2347. Calculate the highest common factor of 201 and r.
67
Let u be 3/2 + (5 - 6344/(-16)). What is the highest common divisor of u and 923?
13
Suppose -90*f + 241 = -89*f. Suppose 0 = 4*u - 123 - f. Calculate the greatest common factor of 28 and u.
7
Let s(p) = -p**3 - p**2 + 12*p + 10. Let w(g) = g**3 + 6*g**2 + 4*g + 20. Let q be w(-6). Let i be s(q). Calculate the greatest common divisor of i and 90.
10
Let q = 22 - 100. Suppose 5*f = 0, 3*y + 3*f = -f + 252. Let d = y + q. Calculate the highest common factor of d and 54.
6
Let m(i) = 14*i**2 - 153*i + 13. Let t be m(11). Calculate the greatest common divisor of 300 and t.
12
Suppose -a + 12 = 3*a. Suppose -34 = -a*u + 29. Let j = 47 + -33. Calculate the greatest common factor of j and u.
7
Let r be 46*-5*4/(-5). Let m = -54222 - -54230. What is the highest common divisor of m and r?
8
Suppose 84 = j - 0*j. Let f(i) = -5*i - 88. Suppose 157 = -9*t - 23. Let x be f(t). What is the highest common factor of j and x?
12
Let x(d) = 3*d - 24. Let a be x(9). Suppose -a*j + 2*j + 1 = 3*y, -2*j = 4*y. Let o be ((-4)/(-6)*1)/(j/(-15)). What is the greatest common factor of o and 70?
5
Let m(a) = -7*a**2 - 605*a + 21. Let i be m(-83). Calculate the highest common factor of 132 and i.
33
Let o = 254 - 252. Let x be 150/o*9/(54/4). Calculate the greatest common factor of x and 250.
50
Let x = 17416 - 9828. Calculate the greatest common factor of 4 and x.
4
Suppose 0 = 4*p - 1 - 7. Let r be (-30)/5*19/p. Let i = 51 - r. Calculate the highest common divisor of i and 12.
12
Let j be (10 - (-10 - -12)) + -6 - -907. Calculate the greatest common divisor of 63 and j.
9
Let y be (3/(-6))/1*12. Let v be y*3*10/45 - -19. What is the greatest common factor of v and 5?
5
Let a = 59529 + -59523. Let x(r) = 30*r. Let u be x(1). What is the greatest common factor of a and u?
6
Suppose 52*r - 27*r + 60 = 26*r. Let d(l) = -l**2 + 5*l - 4. Let u be d(3). Let m be u - -1*2*11. Calculate the greatest common factor of r and m.
12
Let t be (8151/(-988))/((-3)/32). Suppose 0*p + p - 14 = 0. Suppose -4*x + 30 = -p. Calculate the highest common factor of t and x.
11
Let c = 8773 - 8430. Calculate the greatest common factor of c and 392.
49
Let i(l) = l**3 + 13*l**2 - 22*l + 52. Let x be i(-9). Calculate the greatest common factor of x and 1.
1
Let c be 5 + (-537)/(-9)*-9. Let i be ((-365)/(-20))/((-19)/c). Calculate the highest common divisor of i and 146.
73
Let c(w) = 4*w**3 - 53*w**2 + 27*w - 2. Let m be c(13). Calculate the highest common factor of m and 288.
36
Let g(i) = i**3 - 11*i**2 + 5*i - 44. Let o be g(15). What is the greatest common factor of 49 and o?
49
Let b(q) = -40*q - 160. Let s be b(-6). Suppose -2*g + 3*i + 17 = -0*i, 2*i = 2. What is the greatest common factor of g and s?
10
Let a be 0 + (-3)/3 + -15. Let p = a - -64. Let t be ((-3)/(-5))/(20*10/4000). Calculate the greatest common factor of p and t.
12
Let b(y) = -3*y**2 - 201*y - 137. Let n be b(-10). Calculate the greatest common factor of n and 33.
11
Let s = 1080 + -80. Calculate the highest common divisor of 280 and s.
40
Suppose -3*j - 2*t = -25, 4*j + 5*t - 40 = -9. Suppose -79 = -3*y + 59. Suppose 8*u - 118 + y = 0. Calculate the greatest common factor of u and j.
9
Let b = -3 + 1. Let x(c) = -7*c**3 - 4*c**2 - 4*c - 3. Let p be x(b). Let j(l) = -25*l + 910. Let y be j(22). Calculate the greatest common factor of y and p.
45
Suppose -2*b - 4*t = 106, -3*b = -7*b - t - 177. Let h = 768 + -720. Let o = b + h. Calculate the greatest common divisor of 1 and o.
1
Suppose -493 = -3*s - 5*h, 5*h = 4*s + 4*h - 642. What is the greatest common factor of 77 and s?
7
Suppose 37*q + 6840 = 49*q. Suppose 6 = 3*z - 3*f + f, -z = 2*f + 6. Suppose z = 11*r - r - q. Calculate the greatest common divisor of r and 513.
57
Let n(a) = 36*a - 200. Let d be n(8). Suppose -t + 14 = -19. Calculate the greatest common factor of d and t.
11
Let v(j) = -220*j**3 - 2*j**2 - 64*j - 134. Let u be v(-2). What is the highest common factor of 72 and u?
18
Suppose 241*r = 1816 - 611. Suppose -3*q + 4*q - 31 = -4*w, -2*w = -q + 7. Suppose 0 = -3*c + 45 - q. Calculate the greatest common divisor of c and r.
5
Let b be (6/(-6))/((-3)/(-45))*-5. Suppose 65 = -f + b. Calculate the highest common divisor of f and 470.
10
Let w be ((-2)/3)/((-2)/15). Let p be 15 + -2 + (-2 - -2) + w. Suppose z = 74 + 88. Calculate the greatest common factor of z and p.
18
Let d(o) = -o**3 + 8*o**2 - 2*o - 10. Let f be d(7). Let s be 8/2 + 3/(12/(-32)). Let k be ((8 - 9)*10)/(s/10). Calculate the highest common divisor of f and k.
25
Suppose -5*a + 3*a = -72. Suppose -3*h - 4*h = -63. Calculate the greatest common factor of a and h.
9
Let q be ((38/8)/(415/1992))/((-3)/(-110)). Suppose 167 + 53 = 5*d. Calculate the highest common divisor of d and q.
44
Let v(j) = -j**2 + 93*j + 1774. Let u be v(-16). Calculate the highest common divisor of 474 and u.
6
Let o(x) = 9*x + 3. Let r be o(6). Suppose -298*m + 5*h + 87 = -295*m, 0 = 3*m + 2*h - 45. What is the greatest common divisor of m and r?
19
Let m = 5875 - 436. Calculate the greatest common divisor of 148 and m.
37
Let q = 1069 - -30. Let n = -1079 + q. Let r be (5 + -2)/(3/8). Calculate the greatest common factor of r and n.
4
Let k = -2405 - -2420. Let y(n) = 2*n**2 + 2*n - 3. Let m be y(3). Calculate the highest common divisor of k and m.
3
Let w(n) = -603*n + 4681. Let k be w(7). Calculate the highest common factor of k and 5612.
92
Suppose -2*o + 738 = -36*n + 38*n, -5*n - 3*o = -1857. What is the greatest common divisor of n and 1425?
75
Let c(x) = -10*x**3 + 10*x**2 + 7*x - 4. Let m be c(-3). What is